 - 2 - 2*r + 7*r. Let y be x(4). Suppose -y*p + 6 = -p. What is the units digit of p?
6
Suppose 22*q - 114163 = 45271. What is the units digit of q?
7
Let u(j) = 305*j - 46. Let z be u(-4). Let y = -265 - z. What is the units digit of y?
1
Let p(m) = -m**2 - 10*m - 20. Let v be p(-4). Let x be ((-56)/(-12) - v)/(2/6). What is the units digit of (-3)/(8/(-28) + x/(-42))?
9
Let g(r) = r**2 - r - 1. Let i(z) = -9*z**2 + 9*z + 4. Let q(b) = -6*g(b) - i(b). Let v be q(1). Suppose -v*h + 174 = -234. What is the tens digit of h?
0
Suppose 5*c = 9*c + 4*l - 28, -3*c + 15 = l. What is the hundreds digit of (c + -528 - 5)/(-1)?
5
Let y(b) = -105*b + 51. Let f(p) = -316*p + 150. Let j(s) = -4*f(s) + 11*y(s). What is the hundreds digit of j(2)?
1
What is the ten thousands digit of 0 + 3*(-2)/(-3) - -2*6397?
1
Suppose 0 = 39*y - 8772 - 103085 - 15829. What is the thousands digit of y?
3
Suppose 5*l + 537 = -o, -19*o = -15*o - 3*l + 2079. What is the hundreds digit of -9*1*o/27?
1
Let q(f) = f**3 + 12*f + 9*f**2 - 28*f**2 + 17*f**2 - 9 + 11*f**2. Let m be q(-7). What is the units digit of 32/18 + m + (-86)/18?
2
Let o(m) = m**3 - 26*m**2 - 20*m + 67. Let h be o(23). Let u = -849 - h. What is the thousands digit of u?
1
Let s = 8301 + -1964. What is the units digit of s?
7
Suppose 196 + 1925 = 7*v. Suppose 0 = -4*g + v + 153. Suppose 341 = 4*i + h, 0 = -4*i - 2*h + 232 + g. What is the tens digit of i?
8
Suppose 390308 = -30*r + 1812878. What is the ten thousands digit of r?
4
Let o be (-1)/(-1 + (-5436)/(-5442)). Suppose -f + o - 77 = 0. What is the tens digit of f?
3
Let o(n) = -3 - 3 - 4*n + 5*n - 24*n. Suppose -l - g = g + 10, 0 = 5*l + 2*g + 18. What is the units digit of o(l)?
0
Let j be (145/5)/(-1 + 3 + -1). Let v = 31 - j. Suppose -4*a - 5*r = -492 - 23, 0 = -v*r - 2. What is the hundreds digit of a?
1
Let r = -116 + 86. What is the hundreds digit of 1*6/9 + (-27010)/r?
9
What is the tens digit of -10 - (-530 + 3)*52?
9
Let s(c) be the first derivative of c**4/4 - 7*c**3 + 22*c**2 - 9*c + 33. What is the tens digit of s(19)?
0
What is the thousands digit of (15 - (2 - -12))*7934?
7
Suppose 4*v - 3 = 3*v. Let m(t) = t**3 + t**2 - 3*t + 3. Let h be m(v). Let n = h - 2. What is the tens digit of n?
2
Let m = -2312 + 9511. What is the tens digit of m?
9
Let v be (-1)/((3/(-2118))/(4/(-10 + 2))). Suppose 2*o = -2, -3*o + 1568 = 3*j + o. Let c = v + j. What is the units digit of c?
1
Suppose 0 = -23*x + 11*x + 96. What is the units digit of 10*(x - (-1267)/14)?
5
Let c(f) = 3*f**2 + 75*f + 74. Let i be c(-24). Suppose -4*q - 4*r + 52 = 0, 2*q + 2*r - 8 = q. Suppose i*w - 4*w = -q. What is the units digit of w?
9
Let o be 75/10*60/50. Suppose -o = -q - 5, -4*q = -5*a + 2299. What is the units digit of a?
3
Suppose -w + 390 = -392. Suppose 2*r - 562 = -2*m, -3*r - 4*m + w + 63 = 0. What is the hundreds digit of r?
2
Let h(j) = j**2 + 3*j - 23. Let i = 57 - 64. Let y be h(i). What is the units digit of -3 - ((-10)/y - 82/1)?
1
Suppose 4*y = 2*n + 216, 2*y + 8 - 2 = 0. Let s = -12 - n. What is the units digit of s?
2
Let o = 767 - 548. Suppose 4*p - o = 145. Suppose -2*w = 15 - p. What is the tens digit of w?
3
What is the hundreds digit of (-1156)/170*((-184965)/35 - 2/7)?
9
Let a be (-1)/(1*(-4)/12). Suppose d - a = 2*d. Let t(q) = -16*q - 16. What is the units digit of t(d)?
2
Suppose -4*i = -8*i + 56300. What is the units digit of i?
5
Suppose 3*d = -5*n + 15196, -n = -14 + 9. What is the tens digit of d?
5
Let i be (48/(-9))/(3*(-1)/1737). Suppose -x + i = 7*x. What is the units digit of x?
6
Suppose -2*m = -15*m + 156. Suppose -352 = m*d - 1084. Suppose -a + 3*a + 2*q = 76, -2*a - 5*q = -d. What is the units digit of a?
3
Suppose -319 = -3*o - 2*b, 5*b = 3*o + 9*b - 323. Suppose -112*f + 4585 = -o*f. What is the tens digit of f?
5
Suppose 4*d + 5 = 2*h - 19, -4*h = -5*d - 51. Let m(f) = -f**3 + 13*f**2 + 20*f - 12. What is the units digit of m(h)?
2
Let q(s) = -s**2 - 13*s. Let j = -32 + 30. Let z(d) = -6*d**2 - 65*d + 1. Let f(u) = j*z(u) + 11*q(u). What is the hundreds digit of f(20)?
1
What is the hundreds digit of ((-27)/6)/(43/(21116182/(-57)))?
7
Let m(u) = 2730*u - 217. What is the thousands digit of m(2)?
5
Let p(a) = 32*a**2 - 23*a + 1363. What is the tens digit of p(23)?
6
What is the hundreds digit of (12/18*44782*6/(-4))/(-2)?
3
Let t(x) = -426*x + 1005. What is the ten thousands digit of t(-24)?
1
Let f(n) = -n - 28. Let m be f(-31). What is the hundreds digit of (-2)/m*(-359 - 1)?
2
Let a = 1744 + -1233. Suppose 0 = c - a - 18. Suppose -5*b = -2*h - c, 4*b + 0*h - 437 = -3*h. What is the hundreds digit of b?
1
Let z be (-23265)/(-72) + (-6)/48. Suppose -z = -9*m + 244. What is the tens digit of m?
6
Suppose -24*x = -28*x + 52. What is the tens digit of 18/(-12)*x*-10?
9
What is the thousands digit of 3*(3 + (-10864)/(-6))*(-9 - -20)?
9
Let z(d) = 4*d**3 - d**2 + 6*d - 12. Let o(y) = 5*y**3 + 3*y - 11. Let j(q) = 3*o(q) - 4*z(q). What is the units digit of j(-11)?
5
Let t(a) = -2*a**2 - 40 - 7*a**2 + 23 - 26 + 12*a + 4*a**3 + 2*a**2. What is the units digit of t(5)?
2
Suppose -8*c - 12*c = -10120. Let a = -158 + c. What is the tens digit of a?
4
Let u = 190 + -186. Let y = 22 + -20. Suppose -5*t - 4*j = -407, -5*t = u*j - y*j - 401. What is the tens digit of t?
7
Suppose 5*a = -3*p + 11, -4*p - 2 + 12 = 2*a. Suppose 3*u + 7 = j, p = -4*u - 2*j + 7*j. Let z(n) = -15*n - 9. What is the tens digit of z(u)?
3
Suppose 0 = -5*p + 2 + 8, 5*p - 1005 = -5*s. Suppose -s = -3*g - 2*j + 76, -4*g = j - 375. Let i = 307 - g. What is the units digit of i?
2
Let z = -597 - -580. Let y(w) = w**2 - 15*w - 29. What is the hundreds digit of y(z)?
5
Let r = 53 + 241. Suppose 11043 = 303*i - r*i. What is the hundreds digit of i?
2
Let f(a) = -2*a**2 + 4*a - 1. Let w(m) = -4*m**2 + 9*m - 1. Let t(l) = -5*f(l) + 3*w(l). Let i be t(5). Let p = 22 + i. What is the units digit of p?
9
Let h(l) = -l**3 + 7*l**2 - l + 49. Suppose 102*w - 97*w - 35 = 0. What is the tens digit of h(w)?
4
Let f(c) = -13*c - 5. Let r be f(-1). Let u(o) = -o**3 + 15*o**2 - 3*o + 4. Let v be u(r). Suppose 6*w = 4*w + v. What is the tens digit of w?
1
Suppose -6*b = -3 - 33. What is the hundreds digit of (5/(b + -1) + 226)*2?
4
Let j = 3652 + -2462. What is the tens digit of j?
9
Suppose 0 = -7*v + 2*v - 300. Let u be 2/(-4) - (1827/(-18) - 8). Let j = v + u. What is the units digit of j?
9
Let f(n) = -2*n**3 + 3*n**2 + 7. Let j be f(5). Let r be -3 + 5 - (-3)/(9/j). Let s = -32 - r. What is the tens digit of s?
2
Let s(u) = -3*u**2 + u + 19. Let z(l) = 9*l**2 - 4*l - 58. Let y(g) = -7*s(g) - 2*z(g). What is the units digit of y(8)?
3
Let s = -4 + 5. Let l be (-13 + 12)*(s - 4). What is the units digit of (l - -1)*(5 - 3)?
8
Suppose -263 = 8*g - 759. Let x be (104/(-7) - -2)*-7. Let d = x - g. What is the tens digit of d?
2
Suppose 5*u + 5*f = 189 + 2136, -u = -f - 465. Let v = -148 - -148. Suppose v = 5*q - 115 - u. What is the units digit of q?
6
Suppose 0 = -4*h + 2*v + 22, -23*h + 24*h - 2*v - 4 = 0. Let g be 364/6 - 3/(-9). Let r = g - h. What is the tens digit of r?
5
What is the tens digit of ((-78858)/72)/(-13)*236?
8
Let g = 1943 + -192. What is the units digit of g?
1
Let d = -66 + 71. Suppose d*p + 4170 = 360. What is the units digit of (p/(-30))/((6/10)/3)?
7
Let g be (18/(-18))/(2/(-8)). Suppose -g*l + 7*l = 870. What is the hundreds digit of l?
2
Let t be ((-5)/15)/((-9)/162). Suppose -t*d + 3519 = -3411. What is the hundreds digit of d?
1
Let m = 445 + -437. Suppose m = k + 10, 0 = -3*a - 4*k + 1351. What is the hundreds digit of a?
4
Suppose 15*p - 138 - 87 = 0. What is the units digit of p/(-45) + (-1)/(3/(-1222))?
7
Let w(o) = 1403*o + 1473. What is the units digit of w(4)?
5
Let a(g) = -5*g + 102. Let b be a(19). Suppose -5*w + 12 = -3*w. Suppose -b*s = -w*s - 66. What is the tens digit of s?
6
Let d(n) = n**2 - 4*n + 4. Let r be d(0). Suppose 2*q - 196 = -5*t, 3*t - 404 = -r*q - t. What is the tens digit of q?
0
Let k(o) = -134*o**3 + 3*o**2 - 24*o - 66. What is the tens digit of k(-2)?
6
Suppose 0 = -5*x - 14*x + 163400. What is the tens digit of x?
0
Let b(h) = -310*h - 74. What is the thousands digit of b(-14)?
4
Let o(k) = 2*k**3 + 162*k**2 - 156*k - 471. What is 